{"id":87,"date":"2025-10-31T03:43:50","date_gmt":"2025-10-31T03:43:50","guid":{"rendered":"https:\/\/vgroupconstruction.vn\/?page_id=87"},"modified":"2025-10-31T04:47:39","modified_gmt":"2025-10-31T04:47:39","slug":"trang-chu-2","status":"publish","type":"page","link":"https:\/\/vgroupconstruction.vn\/","title":{"rendered":"TRANG CH\u1ee6"},"content":{"rendered":"<div class=\"slider-wrapper relative\" id=\"slider-1019100341\" >\n    <div class=\"slider slider-nav-circle slider-nav-large slider-nav-light slider-style-normal\"\n        data-flickity-options='{\n            \"cellAlign\": \"center\",\n            \"imagesLoaded\": true,\n            \"lazyLoad\": 1,\n            \"freeScroll\": false,\n            \"wrapAround\": true,\n            \"autoPlay\": 2500,\n            \"pauseAutoPlayOnHover\" : true,\n            \"prevNextButtons\": true,\n            \"contain\" : true,\n            \"adaptiveHeight\" : true,\n            \"dragThreshold\" : 10,\n            \"percentPosition\": true,\n            \"pageDots\": true,\n            \"rightToLeft\": false,\n            \"draggable\": true,\n            \"selectedAttraction\": 0.1,\n            \"parallax\" : 0,\n            \"friction\": 0.6        }'\n        >\n        \n\t<div class=\"img has-hover x md-x lg-x y md-y lg-y\" id=\"image_1831093381\">\n\t\t\t\t\t\t\t\t<div class=\"img-inner dark\" >\n\t\t\t<img loading=\"lazy\" decoding=\"async\" width=\"1020\" height=\"554\" src=\"https:\/\/vgroupconstruction.vn\/wp-content\/uploads\/2025\/10\/banner-trang-bia-Vgroup-Construction-3--1024x556.jpg\" class=\"attachment-large size-large\" alt=\"\" srcset=\"https:\/\/vgroupconstruction.vn\/wp-content\/uploads\/2025\/10\/banner-trang-bia-Vgroup-Construction-3--1024x556.jpg 1024w, https:\/\/vgroupconstruction.vn\/wp-content\/uploads\/2025\/10\/banner-trang-bia-Vgroup-Construction-3--300x163.jpg 300w, https:\/\/vgroupconstruction.vn\/wp-content\/uploads\/2025\/10\/banner-trang-bia-Vgroup-Construction-3--768x417.jpg 768w, https:\/\/vgroupconstruction.vn\/wp-content\/uploads\/2025\/10\/banner-trang-bia-Vgroup-Construction-3--1536x834.jpg 1536w, https:\/\/vgroupconstruction.vn\/wp-content\/uploads\/2025\/10\/banner-trang-bia-Vgroup-Construction-3--2048x1112.jpg 2048w\" sizes=\"auto, (max-width: 1020px) 100vw, 1020px\" \/>\t\t\t\t\t\t\n\t\t\t\t\t<\/div>\n\t\t\t\t\t\t\t\t\n<style>\n#image_1831093381 {\n  width: 100%;\n}\n<\/style>\n\t<\/div>\n\t\n\t<div class=\"img has-hover x md-x lg-x y md-y lg-y\" id=\"image_1792809420\">\n\t\t\t\t\t\t\t\t<div class=\"img-inner dark\" >\n\t\t\t<img loading=\"lazy\" decoding=\"async\" width=\"1020\" height=\"554\" src=\"https:\/\/vgroupconstruction.vn\/wp-content\/uploads\/2025\/10\/banner-trang-bia-Vgroup-Construction-4--1024x556.jpg\" class=\"attachment-large size-large\" alt=\"Vgroup Construction\" srcset=\"https:\/\/vgroupconstruction.vn\/wp-content\/uploads\/2025\/10\/banner-trang-bia-Vgroup-Construction-4--1024x556.jpg 1024w, https:\/\/vgroupconstruction.vn\/wp-content\/uploads\/2025\/10\/banner-trang-bia-Vgroup-Construction-4--300x163.jpg 300w, https:\/\/vgroupconstruction.vn\/wp-content\/uploads\/2025\/10\/banner-trang-bia-Vgroup-Construction-4--768x417.jpg 768w, https:\/\/vgroupconstruction.vn\/wp-content\/uploads\/2025\/10\/banner-trang-bia-Vgroup-Construction-4--1536x834.jpg 1536w, https:\/\/vgroupconstruction.vn\/wp-content\/uploads\/2025\/10\/banner-trang-bia-Vgroup-Construction-4--2048x1112.jpg 2048w\" sizes=\"auto, (max-width: 1020px) 100vw, 1020px\" \/>\t\t\t\t\t\t\n\t\t\t\t\t<\/div>\n\t\t\t\t\t\t\t\t\n<style>\n#image_1792809420 {\n  width: 100%;\n}\n<\/style>\n\t<\/div>\n\t\n     <\/div>\n\n     <div class=\"loading-spin dark large centered\"><\/div>\n\n\t<\/div>\n\n\n<div class=\"row hide-for-small\"  id=\"row-31847803\">\n\n\t<div id=\"col-1744745207\" class=\"col medium-4 small-12 large-4\"  >\n\t\t\t\t<div class=\"col-inner\"  >\n\t\t\t\n\t\t\t\n<a class=\"button primary is-shade is-larger box-shadow-4 box-shadow-5-hover expand\" style=\"border-radius:10px;\">\n\t\t<span>thi\u1ebft k\u1ebf<\/span>\n\t<\/a>\n\n\t\t<\/div>\n\t\t\t\t\t<\/div>\n\n\t\n\n\t<div id=\"col-394236474\" class=\"col medium-4 small-12 large-4\"  >\n\t\t\t\t<div class=\"col-inner\"  >\n\t\t\t\n\t\t\t\n<a class=\"button primary is-shade is-larger box-shadow-4 box-shadow-5-hover expand\" style=\"border-radius:10px;\">\n\t\t<span>gi\u00e1m s\u00e1t<\/span>\n\t<\/a>\n\n\t\t<\/div>\n\t\t\t\t\t<\/div>\n\n\t\n\n\t<div id=\"col-7914624\" class=\"col medium-4 small-12 large-4\"  >\n\t\t\t\t<div class=\"col-inner\"  >\n\t\t\t\n\t\t\t\n<a class=\"button primary is-shade is-larger box-shadow-4 box-shadow-5-hover expand\" style=\"border-radius:10px;\">\n\t\t<span>thi c\u00f4ng<\/span>\n\t<\/a>\n\n\t\t<\/div>\n\t\t\t\t\t<\/div>\n\n\t\n<\/div>\n\t<div id=\"gap-52916481\" class=\"gap-element clearfix\" style=\"display:block; height:auto;\">\n\t\t\n<style>\n#gap-52916481 {\n  padding-top: 30px;\n}\n<\/style>\n\t<\/div>\n\t\n<div class=\"row show-for-medium\"  id=\"row-925888178\">\n\n\t<div id=\"col-1792981749\" class=\"col medium-4 small-4 large-4\"  >\n\t\t\t\t<div class=\"col-inner\"  >\n\t\t\t\n\t\t\t\n<a class=\"button primary is-shade is-larger box-shadow-4 box-shadow-5-hover\" style=\"border-radius:10px;\">\n\t\t<span>Thi\u1ebft k\u1ebf<\/span>\n\t<\/a>\n\n\t\t<\/div>\n\t\t\t\t\t<\/div>\n\n\t\n\n\t<div id=\"col-559617644\" class=\"col medium-4 small-4 large-4\"  >\n\t\t\t\t<div class=\"col-inner\"  >\n\t\t\t\n\t\t\t\n<a class=\"button primary is-shade is-larger box-shadow-4 box-shadow-5-hover\" style=\"border-radius:10px;\">\n\t\t<span>gi\u00e1m s\u00e1t<\/span>\n\t<\/a>\n\n\t\t<\/div>\n\t\t\t\t\t<\/div>\n\n\t\n\n\t<div id=\"col-1656955646\" class=\"col medium-4 small-4 large-4\"  >\n\t\t\t\t<div class=\"col-inner\"  >\n\t\t\t\n\t\t\t\n<a class=\"button primary is-shade is-larger box-shadow-4 box-shadow-5-hover\" style=\"border-radius:10px;\">\n\t\t<span>thi c\u00f4ng<\/span>\n\t<\/a>\n\n\t\t<\/div>\n\t\t\t\t\t<\/div>\n\n\t\n<\/div>\n<a class=\"button primary is-underline\" >\n\t\t<span>b\u00e0i vi\u1ebft m\u1edbi nh\u1ea5t<\/span>\n\t<\/a>\n\n\n  \n    <div id=\"row-1356708807\" class=\"row large-columns-3 medium-columns- small-columns-1 has-shadow row-box-shadow-2 row-masonry\" data-packery-options='{\"itemSelector\": \".col\", \"gutter\": 0, \"presentageWidth\" : true}'>\n\n  <div class=\"col post-item\" >\n\t\t\t<div class=\"col-inner\">\n\t\t\t\t<div class=\"box box-text-bottom box-blog-post has-hover\">\n          \t\t\t\t\t<div class=\"box-text text-center\" >\n\t\t\t\t\t<div class=\"box-text-inner blog-post-inner\">\n\n\t\t\t\t\t\n\t\t\t\t\t\t\t\t\t\t<h5 class=\"post-title is-large \">\n\t\t\t\t\t\t<a href=\"https:\/\/vgroupconstruction.vn\/?p=157\" class=\"plain\">B\u00d3C TR\u1ea6N S\u1ef0 TH\u1eacT 5 KINH NGHI\u1ec6M THI C\u00d4NG NH\u00c0 \u1ede M\u00c0 GIA CH\u1ee6 C\u1ea6N PH\u1ea2I BI\u1ebeT<\/a>\n\t\t\t\t\t<\/h5>\n\t\t\t\t\t<div class=\"post-meta is-small op-8\">Th\u00e1ng 1 7, 2026<\/div>\t\t\t\t\t<div class=\"is-divider\"><\/div>\n\t\t\t\t\t\t\t\t\t\t<p class=\"from_the_blog_excerpt \">\n\t\t\t\t\t\tB\u00d3C TR\u1ea6N S\u1ef0 TH\u1eacT 5 KINH NGHI\u1ec6M THI C\u00d4NG NH\u00c0 \u1ede M\u00c0 GIA CH\u1ee6 C\u1ea6N [...]\t\t\t\t\t<\/p>\n\t\t\t\t\t                    \n\t\t\t\t\t\n\t\t\t\t\t\n\t\t\t\t\t<\/div>\n\t\t\t\t\t<\/div>\n\t\t\t\t\t\t\t\t\t<\/div>\n\t\t\t<\/div>\n\t\t<\/div><div class=\"col post-item\" >\n\t\t\t<div class=\"col-inner\">\n\t\t\t\t<div class=\"box box-text-bottom box-blog-post has-hover\">\n          \t\t\t\t\t<div class=\"box-text text-center\" >\n\t\t\t\t\t<div class=\"box-text-inner blog-post-inner\">\n\n\t\t\t\t\t\n\t\t\t\t\t\t\t\t\t\t<h5 class=\"post-title is-large \">\n\t\t\t\t\t\t<a href=\"https:\/\/vgroupconstruction.vn\/?p=152\" class=\"plain\">TRI\u1ec2N KHAI GI\u00c1M S\u00c1T C\u00c1C D\u1ef0 \u00c1N THI C\u00d4NG \u0110\u1eb6C TH\u00d9 GI\u1ea2I PH\u00c1P TO\u00c0N DI\u1ec6N T\u1eea VGROUP CONSTRUCTION<\/a>\n\t\t\t\t\t<\/h5>\n\t\t\t\t\t<div class=\"post-meta is-small op-8\">Th\u00e1ng 12 31, 2025<\/div>\t\t\t\t\t<div class=\"is-divider\"><\/div>\n\t\t\t\t\t\t\t\t\t\t<p class=\"from_the_blog_excerpt \">\n\t\t\t\t\t\tTRI\u1ec2N KHAI GI\u00c1M S\u00c1T C\u00c1C D\u1ef0 \u00c1N THI C\u00d4NG \u0110\u1eb6C TH\u00d9 GI\u1ea2I PH\u00c1P TO\u00c0N DI\u1ec6N [...]\t\t\t\t\t<\/p>\n\t\t\t\t\t                    \n\t\t\t\t\t\n\t\t\t\t\t\n\t\t\t\t\t<\/div>\n\t\t\t\t\t<\/div>\n\t\t\t\t\t\t\t\t\t<\/div>\n\t\t\t<\/div>\n\t\t<\/div><div class=\"col post-item\" >\n\t\t\t<div class=\"col-inner\">\n\t\t\t\t<div class=\"box box-text-bottom box-blog-post has-hover\">\n          \t\t\t\t\t<div class=\"box-text text-center\" >\n\t\t\t\t\t<div class=\"box-text-inner blog-post-inner\">\n\n\t\t\t\t\t\n\t\t\t\t\t\t\t\t\t\t<h5 class=\"post-title is-large \">\n\t\t\t\t\t\t<a href=\"https:\/\/vgroupconstruction.vn\/?p=142\" class=\"plain\">BI\u1ebeN NG\u00d4I NH\u00c0 TH\u00c0NH RESORT 5 SAO V\u1edaI THI\u1ebeT K\u1ebe \u0110\u1ecaA TRUNG H\u1ea2I<\/a>\n\t\t\t\t\t<\/h5>\n\t\t\t\t\t<div class=\"post-meta is-small op-8\">Th\u00e1ng 12 31, 2025<\/div>\t\t\t\t\t<div class=\"is-divider\"><\/div>\n\t\t\t\t\t\t\t\t\t\t<p class=\"from_the_blog_excerpt \">\n\t\t\t\t\t\tBI\u1ebeN NG\u00d4I NH\u00c0 TH\u00c0NH RESORT 5 SAO V\u1edaI THI\u1ebeT K\u1ebe \u0110\u1ecaA TRUNG H\u1ea2I Cu\u1ed9c s\u1ed1ng [...]\t\t\t\t\t<\/p>\n\t\t\t\t\t                    \n\t\t\t\t\t\n\t\t\t\t\t\n\t\t\t\t\t<\/div>\n\t\t\t\t\t<\/div>\n\t\t\t\t\t\t\t\t\t<\/div>\n\t\t\t<\/div>\n\t\t<\/div><div class=\"col post-item\" >\n\t\t\t<div class=\"col-inner\">\n\t\t\t\t<div class=\"box box-text-bottom box-blog-post has-hover\">\n            \t\t\t\t\t<div class=\"box-image\" >\n  \t\t\t\t\t\t<div class=\"image-cover\" style=\"padding-top:180px;\">\n\t\t\t\t\t\t\t<a href=\"https:\/\/vgroupconstruction.vn\/?p=123\" class=\"plain\" aria-label=\"T\u1eadp \u0111o\u00e0n V\u01b0\u1ee3ng Group: Bi\u1ebfn \u0111a ng\u00e0nh th\u00e0nh l\u1ee3i th\u1ebf c\u1ea1nh tranh\">\n\t\t\t\t\t\t\t\t<img loading=\"lazy\" decoding=\"async\" width=\"300\" height=\"185\" src=\"https:\/\/vgroupconstruction.vn\/wp-content\/uploads\/2025\/10\/DTL_281025-300x185.jpg\" class=\"attachment-medium size-medium wp-post-image\" alt=\"\" srcset=\"https:\/\/vgroupconstruction.vn\/wp-content\/uploads\/2025\/10\/DTL_281025-300x185.jpg 300w, https:\/\/vgroupconstruction.vn\/wp-content\/uploads\/2025\/10\/DTL_281025-1024x633.jpg 1024w, https:\/\/vgroupconstruction.vn\/wp-content\/uploads\/2025\/10\/DTL_281025-768x474.jpg 768w, https:\/\/vgroupconstruction.vn\/wp-content\/uploads\/2025\/10\/DTL_281025.jpg 1185w\" sizes=\"auto, (max-width: 300px) 100vw, 300px\" \/>\t\t\t\t\t\t\t<\/a>\n  \t\t\t\t\t\t\t  \t\t\t\t\t\t\t  \t\t\t\t\t\t<\/div>\n  \t\t\t\t\t\t  \t\t\t\t\t<\/div>\n          \t\t\t\t\t<div class=\"box-text text-center\" >\n\t\t\t\t\t<div class=\"box-text-inner blog-post-inner\">\n\n\t\t\t\t\t\n\t\t\t\t\t\t\t\t\t\t<h5 class=\"post-title is-large \">\n\t\t\t\t\t\t<a href=\"https:\/\/vgroupconstruction.vn\/?p=123\" class=\"plain\">T\u1eadp \u0111o\u00e0n V\u01b0\u1ee3ng Group: Bi\u1ebfn \u0111a ng\u00e0nh th\u00e0nh l\u1ee3i th\u1ebf c\u1ea1nh tranh<\/a>\n\t\t\t\t\t<\/h5>\n\t\t\t\t\t\t\t\t\t\t<div class=\"is-divider\"><\/div>\n\t\t\t\t\t\t\t\t\t\t<p class=\"from_the_blog_excerpt \">\n\t\t\t\t\t\tLink b\u00e0i vi\u1ebft t\u1eeb b\u00e1o tu\u1ed5i tr\u1ebb:\u00a0https:\/\/tuoitre.vn\/cong-ty-vuong-group-bien-da-nganh-thanh-loi-the-canh-tranh-2025103008483989.htm &nbsp; C\u00f4ng ty TNHH Th\u01b0\u01a1ng m\u1ea1i d\u1ecbch v\u1ee5 [...]\t\t\t\t\t<\/p>\n\t\t\t\t\t                    \n\t\t\t\t\t\n\t\t\t\t\t\n\t\t\t\t\t<\/div>\n\t\t\t\t\t<\/div>\n\t\t\t\t\t\t\t\t\t\t\t\t\t\t\t\t<div class=\"badge absolute top post-date badge-outline\">\n\t\t\t\t\t\t\t<div class=\"badge-inner\">\n\t\t\t\t\t\t\t\t<span class=\"post-date-day\">31<\/span><br>\n\t\t\t\t\t\t\t\t<span class=\"post-date-month is-xsmall\">Th10<\/span>\n\t\t\t\t\t\t\t<\/div>\n\t\t\t\t\t\t<\/div>\n\t\t\t\t\t\t\t\t\t<\/div>\n\t\t\t<\/div>\n\t\t<\/div><\/div>\n\t<div class=\"img has-hover x md-x lg-x y md-y lg-y\" id=\"image_1286062275\">\n\t\t\t\t\t\t\t\t<div class=\"img-inner dark\" >\n\t\t\t<img loading=\"lazy\" decoding=\"async\" width=\"596\" height=\"842\" src=\"https:\/\/vgroupconstruction.vn\/wp-content\/uploads\/2025\/10\/ab-03.png\" class=\"attachment-large size-large\" alt=\"\" srcset=\"https:\/\/vgroupconstruction.vn\/wp-content\/uploads\/2025\/10\/ab-03.png 596w, https:\/\/vgroupconstruction.vn\/wp-content\/uploads\/2025\/10\/ab-03-212x300.png 212w\" sizes=\"auto, (max-width: 596px) 100vw, 596px\" \/>\t\t\t\t\t\t\n\t\t\t\t\t<\/div>\n\t\t\t\t\t\t\t\t\n<style>\n#image_1286062275 {\n  width: 100%;\n}\n<\/style>\n\t<\/div>\n\t\n<a href=\"https:\/\/vgroupconstruction.vn\/?page_id=6\" class=\"button primary\" >\n\t\t<span>XEM TH\u00caM<\/span>\n\t<\/a>\n\n","protected":false},"excerpt":{"rendered":"","protected":false},"author":1,"featured_media":0,"parent":0,"menu_order":0,"comment_status":"closed","ping_status":"closed","template":"","meta":{"footnotes":""},"class_list":["post-87","page","type-page","status-publish","hentry"],"_links":{"self":[{"href":"https:\/\/vgroupconstruction.vn\/index.php?rest_route=\/wp\/v2\/pages\/87","targetHints":{"allow":["GET"]}}],"collection":[{"href":"https:\/\/vgroupconstruction.vn\/index.php?rest_route=\/wp\/v2\/pages"}],"about":[{"href":"https:\/\/vgroupconstruction.vn\/index.php?rest_route=\/wp\/v2\/types\/page"}],"author":[{"embeddable":true,"href":"https:\/\/vgroupconstruction.vn\/index.php?rest_route=\/wp\/v2\/users\/1"}],"replies":[{"embeddable":true,"href":"https:\/\/vgroupconstruction.vn\/index.php?rest_route=%2Fwp%2Fv2%2Fcomments&post=87"}],"version-history":[{"count":19,"href":"https:\/\/vgroupconstruction.vn\/index.php?rest_route=\/wp\/v2\/pages\/87\/revisions"}],"predecessor-version":[{"id":140,"href":"https:\/\/vgroupconstruction.vn\/index.php?rest_route=\/wp\/v2\/pages\/87\/revisions\/140"}],"wp:attachment":[{"href":"https:\/\/vgroupconstruction.vn\/index.php?rest_route=%2Fwp%2Fv2%2Fmedia&parent=87"}],"curies":[{"name":"wp","href":"https:\/\/api.w.org\/{rel}","templated":true}]}}